e prime factors of z.
2, 41
Let v = 105 + -103. Suppose -2*t + 330 = 2*h, 3*h - 630 = -h + v*t. What are the prime factors of h?
2, 5
Let x = 0 + 5. Let k(m) = m**2 - 4*m - 5. Let v be k(x). Suppose 2*f + f - 84 = v. List the prime factors of f.
2, 7
Let o(y) = -19*y + 2. Let z be o(-3). Suppose -2*c - z = -385. List the prime factors of c/5 - (-2)/5.
3, 11
Let n(t) be the first derivative of 7*t**2/2 + 15*t - 9. What are the prime factors of n(7)?
2
Suppose -21 = -3*h - 33. List the prime factors of 1/(h/(156*-1)).
3, 13
Let k(d) = 10*d**2 - 11*d - 10. Let s be k(6). Suppose 0*y + 4*y - 3*x - 396 = 0, 3*y + x = s. List the prime factors of y.
2, 3
Suppose 6 + 4 = 2*y, -i - 4*y = -31. Suppose -8*q = -5*q - 45. Suppose q*r - i*r = 244. What are the prime factors of r?
61
Suppose 0 = 2*d - a, 0 = 6*a - 3*a - 12. Suppose y = -2*x - 3*y + 32, 3*x - d*y = 88. List the prime factors of x.
2, 13
Let g(x) = x**3 - 39*x**2 + 39*x**2. Let d be g(1). List the prime factors of (-4 + 3)*-43*d.
43
Let b(w) = w**2 + 12*w + 11. Let x be b(-8). What are the prime factors of (28/x + 0)*453/(-2)?
2, 151
Suppose -q + 3*g = -885, -3*q - 11*g + 13*g = -2648. List the prime factors of q.
2, 3, 7
Let w = 14488 - 8640. What are the prime factors of w?
2, 17, 43
List the prime factors of 6/(-9)*-9 - -80*12.
2, 3, 7, 23
Suppose 5*y + 2*y - 672 = 0. Let k(s) = -s**3 + 4*s**2 + 2. Let p be k(4). Suppose -y = -p*o - 2*o. List the prime factors of o.
2, 3
Let f be ((-6)/(-4))/(9/156). Suppose -i = 1 + f. What are the prime factors of (i/(-2))/(1/2)?
3
Suppose -2*f + 15 = h, -3*h - 2*f = -h - 20. Let x = 2 - h. Let c(k) = 3*k**2 + 3*k + 4. What are the prime factors of c(x)?
2, 11
Suppose 3*h + 11 = -2*f, -5*h + 3*f = -2*f + 35. Let u = 0 - h. Suppose 0 = -4*b + 2*k + 126, -2*b + u*k + 129 = 2*b. List the prime factors of b.
31
Let f(a) = -5*a - 13. Let j be f(-24). Suppose -25 = -4*y + j. List the prime factors of y.
3, 11
Suppose 8 + 20 = 4*j. Suppose -2*a + j*a = 20. Suppose a*o - 89 = 35. What are the prime factors of o?
31
Suppose 5*o + j = 8, -2*o + 1 = 3*j + 3. Let d(x) = 7 - o*x**3 - 4 + x**3 - x. List the prime factors of d(0).
3
Suppose 23*f - 14*f = 63. Let z(n) = n + 17. List the prime factors of z(f).
2, 3
Suppose 17*r - 10296 = 4*r. List the prime factors of r.
2, 3, 11
Let w(r) be the first derivative of -r**4/4 - 13*r**3/3 + 15*r**2/2 + 4*r + 1. Let n be w(-14). Let d = n + 12. List the prime factors of d.
2
Let p(s) = -s**2 - 12*s - 10. Let o = -3 + 6. Suppose 2*u + 21 = -o*k + 4, 2*u - 3*k = -11. List the prime factors of p(u).
5
Let q be 6*(-5)/((-10)/4). Let r = q - 8. List the prime factors of 6*r/3 - 3.
5
Suppose 5 + 5 = -5*b, 0 = -4*a - 3*b + 6. Let d(u) = u**3 + u**2 + u + 5. List the prime factors of d(a).
2, 11
Let f(c) = -c + 37. Suppose -5*r + 4*b - 10 = -107, -2*r + 22 = 4*b. List the prime factors of f(r).
2, 5
Let i(w) = 7*w**3 + w - 1. Let j be i(1). Let d(h) = h**3 - 6*h - 9 + h**2 - 6*h**2 - 8*h + 5*h. What are the prime factors of d(j)?
2, 13
Suppose 5 = o - 0*o. Suppose o*m - 622 + 156 = -r, -5*m = -4*r - 461. What are the prime factors of m?
3, 31
Let r(w) = 2*w - 8. Let o be r(9). Let z = o + -5. Suppose 2*d + 38 = m, 0 = m - 0*m - z*d - 29. What are the prime factors of m?
2, 11
Suppose 426 = -9*k + 12*k. Let p = 242 - k. What are the prime factors of p?
2, 5
Let a(i) = -3*i**2 - 2*i - 22. Let b(l) = 9*l**2 + 6*l + 67. Let w(n) = 11*a(n) + 4*b(n). List the prime factors of w(9).
7, 41
Suppose 5870 = 5*l - 3*z, -l + 9*z + 1174 = 5*z. List the prime factors of l.
2, 587
Suppose k - 18 = -k + 5*d, 0 = -k - 2*d. Let j(a) be the third derivative of a**5/30 - a**4/6 + a**3/2 + 8*a**2. What are the prime factors of j(k)?
19
Suppose 5*s - 6456 = -b, 2*s + 0*s - 2578 = 4*b. What are the prime factors of s?
1291
Suppose -12179 - 13418 = -11*m. What are the prime factors of m?
13, 179
Suppose 5*c = -11*c - 576. Let f = -30 - c. What are the prime factors of f?
2, 3
Suppose 7*i - 80 = 2*i. Let l = 45 - i. What are the prime factors of l?
29
Let r(m) = -m**2 - 9*m. Let f be r(-11). Let z = -19 - f. List the prime factors of (z - -1)*126/28.
2, 3
Let y(w) = -23*w + 12. Let l be y(-6). Suppose 6*v = 24 + l. List the prime factors of v.
29
Suppose 0 = -29*v + 1726 + 971. What are the prime factors of v?
3, 31
Suppose -4754 = -2*z + 4*y + 3502, 0 = -5*y. What are the prime factors of z?
2, 3, 43
Let v = 6 + -4. Let b(x) = -17*x + 5. Let h be b(0). Suppose v*a - 37 = h*c - 9, 4*c = 2*a - 32. List the prime factors of a.
2, 3
Suppose 2*v = 6*v - 60. Suppose c + v = 6*c. Suppose 0 = 2*d - c - 29. What are the prime factors of d?
2
Suppose 0 = -5*z + 5 + 5. Let w = z + -9. Let k(n) = -n**3 - 6*n**2 + 3*n - 6. What are the prime factors of k(w)?
2, 11
Suppose 5540 = 35*s - 7060. List the prime factors of s.
2, 3, 5
Suppose 8 = l + 2. Let n be 111 + ((-2)/(-2))/1. What are the prime factors of n/12 + 4/l?
2, 5
Let i be 4/(-14) - (-1064)/(-49). Let q = i - -25. Suppose 0 = 3*j + q - 24. What are the prime factors of j?
7
Let d = 111 - 47. Suppose 3*f + 68 = b, -5*b + d = -4*b + f. What are the prime factors of b?
5, 13
Let g be (3*-1)/((-3)/2). Let j be (9 - -1)/(-15 - -13). List the prime factors of 96/15 + g/j.
2, 3
Let t(l) be the third derivative of -l**6/40 + l**5/60 - l**4/24 - l**3/6 + 10*l**2. Let j be t(-1). List the prime factors of -2*(j + 141/(-6)).
3, 13
Suppose 576 - 282 = 6*j. What are the prime factors of j?
7
List the prime factors of 0 - -334 - 8/(-2).
2, 13
Let q(p) = -3*p**3 - 4*p**2 + 2*p. Suppose -7*o + 20 = -2*o. Let w(t) = -t**2 + 3*t + 1. Let i be w(o). What are the prime factors of q(i)?
3, 13
Let s(m) = 2*m**2 - 20*m - 9. Let f be s(7). Let q = f + 36. Let x(a) = a + 29. List the prime factors of x(q).
2, 7
Let j(g) = -g**3 - 14*g**2 + 10. Suppose 3*p - 5*l = 46, -4*l + 11 = -2*p - 9*l. Let v = p + -21. List the prime factors of j(v).
2, 5
Let k(u) = -3 + 4*u**2 + 4 + u - 3*u**2 - 3. Let z be k(-3). Suppose 0*o = 4*o + 2*q - 132, 4*q = -z*o + 136. List the prime factors of o.
2
Let t be 2156/20 - 8/10. Let y = t + -36. What are the prime factors of y?
71
List the prime factors of -1 - (-306)/2 - (-2 - -4).
2, 3, 5
Let u(a) = -2*a**2 - 17. Let i be u(5). Let s = -58 - i. What are the prime factors of s?
3
Let u be 23 - (-1 - (-1 + -3)). Suppose -2*g - 3*g + u = 0. What are the prime factors of (-56)/(-2)*g/8?
2, 7
Suppose -2*x + 2202 = 5*i + 108, -3*i = 5*x - 5216. What are the prime factors of x?
2, 521
Let z(h) = h + 1. Let d be z(1). Suppose 4*f + 4 = k, 4*f + 2 = -3*k + d*f. Suppose a + 2*a - 72 = k. What are the prime factors of a?
2, 3
What are the prime factors of 1275 - (-1 - ((-32)/4 + 5))?
19, 67
Suppose i = -30 - 1. Let n be 1*(3 + (-3 - -1))*-53. Let w = i - n. List the prime factors of w.
2, 11
Suppose -21*b = -24*b + 5670. List the prime factors of b.
2, 3, 5, 7
Let t(s) = -s**2 + 2*s - 6. Let z be t(5). Let m be (54/8)/(z/(-56)). Let n = m + 8. List the prime factors of n.
2, 13
Let w(f) = f**2 - 12*f + 19. Let p be w(10). Let z be (26 + p)*(-2)/(-10). Suppose -i + 40 = 5*s, -z*i + 70 = s - 2*s. List the prime factors of i.
3, 5
Let g = -13 + 23. Suppose 9*q - g*q = 0. Suppose -4*f + 5*m + 15 = q, 0 = 4*f - 5*f + 2*m + 3. What are the prime factors of f?
5
Let x be (3 - -169) + -2 + 4. Let s = x + -124. What are the prime factors of s?
2, 5
Suppose -11 + 29 = 3*t. Suppose 3*p + 9 = -3*l - 42, 2*p - 5*l = -t. Let o = p + 29. What are the prime factors of o?
2
Let j be 2/8 - (-28)/16. Suppose 0 = v - 1, -5*c - j*v + 104 = -273. List the prime factors of c.
3, 5
Suppose -r - 2732 = -3*r + 2*i, -3*r + i + 4094 = 0. List the prime factors of r.
2, 11, 31
Let y = -92 + 2255. List the prime factors of y.
3, 7, 103
Suppose -3*v + 4 = -d, 0*d - 16 = 4*d. Suppose v*w + 8 = -w. What are the prime factors of (28/w)/((-1)/2)?
7
Let t = -45 + 46. List the prime factors of (2 - t)*(-4 + 30 + 1).
3
Suppose 3*m + 0*m = -b + 843, -3*b + 2569 = m. List the prime factors of b.
2, 3, 11, 13
Let u be 1517/(-4) - (-2)/8. Let j = u + 736. Suppose -4*b + 3*w - 78 = -5*b, 5*b + 4*w = j. What are the prime factors of b?
3, 23
Suppose 0 = -l + 2*x + 13, -4*x = l - x - 8. Suppose -l*v = -17*v + 1254. List the prime factors of v.
11, 19
Let k =